alse
Is 4200247529 a composite number?
True
Is 580501543 a composite number?
True
Is 53484481261 a composite number?
False
Is 157145001593 a prime number?
False
Is 1139160595 a composite number?
True
Is 26446310621 a prime number?
True
Is 166100005471 composite?
False
Is 3838204459 a prime number?
False
Is 60820651 a prime number?
True
Is 73086317 a prime number?
False
Is 901421657 composite?
False
Is 934821997 composite?
True
Is 1190498191 a prime number?
True
Is 1514515883 a composite number?
False
Is 263667487 composite?
False
Is 1295203693 composite?
True
Is 688119559 a prime number?
True
Is 81768751 prime?
False
Is 2125791167 a prime number?
False
Is 10047810853 a composite number?
True
Is 1240264277 a prime number?
False
Is 7506669559 a composite number?
True
Is 3910310357 a prime number?
True
Is 24857761 composite?
False
Is 191367800743 a composite number?
True
Is 2627761511 a prime number?
False
Is 77574364721 a composite number?
True
Is 4108447969 composite?
False
Is 48235374419 prime?
True
Is 1468213387 composite?
True
Is 13404108811 composite?
False
Is 8458650247 composite?
True
Is 16114634111 composite?
True
Is 58731975499 a prime number?
True
Is 758031607 a composite number?
False
Is 784330625623 a prime number?
True
Is 85708731538 a composite number?
True
Is 6961436213 a composite number?
True
Is 1303490827 composite?
True
Is 17860144763 a prime number?
False
Is 7215373237 a prime number?
True
Is 20810442005 composite?
True
Is 1800728977 a composite number?
False
Is 644247377 prime?
False
Is 21358625617 a composite number?
True
Is 446750697 a composite number?
True
Is 4775241337 prime?
False
Is 1059788303 composite?
True
Is 48816731 composite?
True
Is 54054118499 a composite number?
False
Is 8785021382 a composite number?
True
Is 270842591 composite?
False
Is 272400551 prime?
False
Is 1676041111 composite?
False
Is 992036307 prime?
False
Is 19478000387 a prime number?
True
Is 168766757 a prime number?
False
Is 57101562233 a prime number?
True
Is 102267370697 prime?
False
Is 380599668245 a composite number?
True
Is 602587949 a prime number?
False
Is 172424667503 composite?
True
Is 8389878581 composite?
True
Is 269547979 prime?
True
Is 6922686679 composite?
True
Is 22376731101 a prime number?
False
Is 133322941 a prime number?
True
Is 26734866157 prime?
True
Is 49086602251 a prime number?
True
Is 14981668033 prime?
False
Is 343295411 a composite number?
False
Is 22736761771 a composite number?
True
Is 5983116547 prime?
False
Is 2028588743 a prime number?
True
Is 46307246507 a composite number?
False
Is 50377289 a composite number?
False
Is 6519417763 a prime number?
True
Is 14425837579 a composite number?
False
Is 2021088977 composite?
False
Is 124291003 a composite number?
False
Is 26725088891 a composite number?
True
Is 34857082699 a composite number?
False
Is 65888177731 prime?
True
Is 53036507 composite?
True
Is 37397937398 composite?
True
Is 52129807819 a composite number?
False
Is 391272137 prime?
False
Is 1862210499 prime?
False
Is 6806386717 a composite number?
True
Is 12185734361 composite?
True
Is 1614752861 a prime number?
True
Is 376576621 composite?
True
Is 15752155201 a prime number?
True
Is 49794532949 composite?
True
Is 31226135869 composite?
True
Is 10975209983 a prime number?
False
Is 432492553 a composite number?
True
Is 834713207 a composite number?
True
Is 395518909 a prime number?
True
Is 456463021 composite?
True
Is 40767986783 a prime number?
True
Is 12352042379 prime?
True
Is 53783804087 a composite number?
True
Is 1215940441 a composite number?
True
Is 67751753 composite?
False
Is 61647569903 a prime number?
True
Is 1645810483 composite?
True
Is 1029144031 a prime number?
True
Is 1865115177 composite?
True
Is 1577950181 composite?
False
Is 5455153261 a composite number?
False
Is 26792969377 a prime number?
False
Is 36210204743 a composite number?
True
Is 244255195 composite?
True
Is 34964009071 a prime number?
False
Is 35749948609 prime?
False
Is 493753061 a composite number?
False
Is 2037950929 composite?
True
Is 234239825167 composite?
False
Is 4504783159 a composite number?
False
Is 1154248593 prime?
False
Is 15494932729 prime?
False
Is 35238941 a prime number?
True
Is 2085292483 a prime number?
False
Is 98385325147 composite?
False
Is 326424811 prime?
False
Is 4012271 composite?
False
Is 14517581291 a composite number?
False
Is 4492228783 a prime number?
False
Is 1223014501 a prime number?
True
Is 20327873717 a composite number?
True
Is 164115887 a composite number?
True
Is 2556276127 composite?
False
Is 9136825493 a composite number?
True
Is 30840139 a composite number?
True
Is 1734968969 a prime number?
True
Is 1431613817 composite?
True
Is 2381610559 a prime number?
False
Is 816680101 composite?
False
Is 24374889277 a prime number?
False
Is 2335626431 composite?
True
Is 14446217809 prime?
True
Is 147701218943 a composite number?
False
Is 1961431157 prime?
False
Is 754351581 a prime number?
False
Is 1116894479 a prime number?
False
Is 40196637407 a prime number?
True
Is 23482023737 composite?
False
Is 466887347 a composite number?
True
Is 982628447 a prime number?
False
Is 911283227 prime?
False
Is 21263710879 a prime number?
True
Is 10772591591 prime?
True
Is 49212311459 composite?
False
Is 6152216999 a composite number?
False
Is 1416105289 prime?
True
Is 25495473781 prime?
False
Is 1024227613 prime?
True
Is 3191600509 prime?
True
Is 41378342767 a prime number?
True
Is 503762498 prime?
False
Is 12945120197 prime?
False
Is 393056228657 a composite number?
False
Is 4053779083 a composite number?
False
Is 133427377081 a prime number?
False
Is 212286413 prime?
True
Is 3769345261 a composite number?
True
Is 9227619031 composite?
False
Is 27931796587 composite?
False
Is 50048623969 composite?
False
Is 2063526457 a prime number?
False
Is 221937701 composite?
True
Is 28700481917 a composite number?
False
Is 377743831 composite?
True
Is 1045676371 prime?
False
Is 7363032901 a prime number?
False
Is 18284704051 a prime number?
False
Is 45329731687 a prime number?
True
Is 7185271273 a prime number?
True
Is 66190978613 a composite number?
False
Is 146229535 prime?
False
Is 499580503 composite?
False
Is 802187907 composite?
True
Is 1762836937 a composite number?
False
Is 20632131277 a prime number?
False
Is 24642572987 prime?
False
Is 804613547 a prime number?
True
Is 728291047 prime?
False
Is 9240201609 composite?
True
Is 51097050347 prime?
False
Is 540456251 a prime number?
False
Is 8413567843 prime?
False
Is 71663825411 a prime number?
True
Is 244394512859 prime?
False
Is 63505349 a composite number?
False
Is 80196725373 a composite number?
True
Is 6929446729 prime?
True
Is 3541553859 a prime number?
False
Is 58404949 a prime number?
False
Is 1103674673 composite?
True
Is 8085990877 composite?
True
Is 99610783 composite?
False
Is 6108121589 a prime number?
False
Is 1360366151 composite?
False
Is 671879951 a prime number?
False
Is 5270756581 prime?
False
Is 189052807 prime?
True
Is 80585711 a composite number?
False
Is 3034218683 a composite number?
False
Is 160468361 prime?
False
Is 17676090233 a composite number?
True
Is 928465117 a composite number?
True
Is 35789087597 a prime number?
True
Is 31687020503 a composite number?
True
Is 55254872833 a composite number?
False
Is 4765463513 a composite number?
True
Is 52071792009 a prime number?
False
Is 52101811219 a prime number?
False
Is 52047635173 a composite number?
True
Is 3070070237 prime?
False
Is 378360379 composite?
False
Is 5762047589 a prime number?
False
Is 15264136007 a prime number?
True
Is 2645580757 prime?
True
Is 1851029069 prime?
True
Is 126867132547 a prime number?
True
Is 40364863909 a composite number?
True
Is 7883600113 prime?
False
Is 479712017 prime?
False
Is 41248418567 prime?
True
Is 1054457443 a composite number?
True
Is 133948866067 prime?
True
Is 970587311 a composite number?
False
Is 113112191 a composite number?
True
Is 230778661 prime?
True
Is 2068476551 composite?
False
Is 1751076031 prime?
False
Is 27763936757 a prime number?
True
Is 449708177 composite?
True
Is 65996797582 a prime number?
False
Is 198283881557 composite?
False
Is 61483073 a composite number?
True
Is 11382615542 composite?
True
Is 9847901003 composite?
False